{"id":4614,"date":"2021-07-11T17:20:44","date_gmt":"2021-07-11T22:20:44","guid":{"rendered":"https:\/\/moraventas.com\/?post_type=product&#038;p=4614"},"modified":"2025-04-11T06:59:18","modified_gmt":"2025-04-11T11:59:18","slug":"gotu-kola-centella-asiatica","status":"publish","type":"product","link":"https:\/\/moraventas.com\/index.php\/product\/gotu-kola-centella-asiatica\/","title":{"rendered":"Gotu Kola Centella Asi\u00e1tica"},"content":{"rendered":"<p>La Centella Asi\u00e1tica una planta medicinal que tradicionalmente ha sido utilizada para el tratamiento de heridas escler\u00f3ticas, procesos inflamatorios y gastritis y algunos estudios demuestran actividad sobre la insuficiencia venosa, afecciones varicosas y distensibilidad venosa. As\u00ed como se observ\u00f3 actividad inmunomoduladora y efecto ansiol\u00edtico. Uso terap\u00e9utico aprobado: coadyuvante de uso interno en el tratamiento sintom\u00e1tico de venas varicosas, insuficiencia venosa cr\u00f3nica de las extremidades inferiores y ulceras estomacales y duodenales.<\/p>\n<p>Beneficios<\/p>\n<p>\u2022 Aumenta la hemoglobina de la sangre.<\/p>\n<p>\u2022 Tiene un alto contenido de complejo B.<\/p>\n<p>\u2022 Influye en la cicatrizaci\u00f3n de las heridas.<\/p>\n<p>Presentaci\u00f3n<\/p>\n<p>Frasco por 100 c\u00e1psulas.<\/p>\n<div class=\"subtitle\"><strong>Uso Recomendado:<\/strong><\/div>\n<p>Tomar una c\u00e1psula 3 veces al d\u00eda<\/p>\n","protected":false},"excerpt":{"rendered":"<p>100 C\u00e1psulas<\/p>\n","protected":false},"featured_media":5953,"comment_status":"open","ping_status":"closed","template":"","meta":{"om_disable_all_campaigns":false,"_monsterinsights_skip_tracking":false,"_monsterinsights_sitenote_active":false,"_monsterinsights_sitenote_note":"","_monsterinsights_sitenote_category":0,"spay_email":""},"product_cat":[15],"product_tag":[],"class_list":["post-4614","product","type-product","status-publish","has-post-thumbnail","hentry","product_cat-productos-salud"],"_links":{"self":[{"href":"https:\/\/moraventas.com\/index.php\/wp-json\/wp\/v2\/product\/4614","targetHints":{"allow":["GET"]}}],"collection":[{"href":"https:\/\/moraventas.com\/index.php\/wp-json\/wp\/v2\/product"}],"about":[{"href":"https:\/\/moraventas.com\/index.php\/wp-json\/wp\/v2\/types\/product"}],"replies":[{"embeddable":true,"href":"https:\/\/moraventas.com\/index.php\/wp-json\/wp\/v2\/comments?post=4614"}],"wp:featuredmedia":[{"embeddable":true,"href":"https:\/\/moraventas.com\/index.php\/wp-json\/wp\/v2\/media\/5953"}],"wp:attachment":[{"href":"https:\/\/moraventas.com\/index.php\/wp-json\/wp\/v2\/media?parent=4614"}],"wp:term":[{"taxonomy":"product_cat","embeddable":true,"href":"https:\/\/moraventas.com\/index.php\/wp-json\/wp\/v2\/product_cat?post=4614"},{"taxonomy":"product_tag","embeddable":true,"href":"https:\/\/moraventas.com\/index.php\/wp-json\/wp\/v2\/product_tag?post=4614"}],"curies":[{"name":"wp","href":"https:\/\/api.w.org\/{rel}","templated":true}]}}