{"id":4620,"date":"2021-07-11T17:47:54","date_gmt":"2021-07-11T22:47:54","guid":{"rendered":"https:\/\/moraventas.com\/?post_type=product&#038;p=4620"},"modified":"2025-04-11T07:21:20","modified_gmt":"2025-04-11T12:21:20","slug":"korean-ginseng","status":"publish","type":"product","link":"https:\/\/moraventas.com\/index.php\/product\/korean-ginseng\/","title":{"rendered":"Korean Ginseng"},"content":{"rendered":"<p>Este producto contiene Ginseng que es una planta medicinal que ha sido utilizada tradicionalmente como tratamiento de la anemia, asma, diabetes, dispepsia, tos, debilidad, impotencia, poliuria, neurastenia, hiperglicemia, fiebre, caquexia, malaria, nauseas, arteroesclerosis, ulceras, como cardiot\u00f3nico, afrodisiaco, tranquilizante, expectorante, silagogo, demulcente, hipolipemiante, aperitivo y para incrementar la energ\u00eda f\u00edsica y mental, fortalecer la memoria y en caso de situaciones que involucren estr\u00e9s f\u00edsico y mental.<\/p>\n<p>Puede ser estimulante del sistema nervioso central, coadyuvante en el tratamiento de estados de agotamiento f\u00edsico, agotamiento mental y astenia.<\/p>\n<p>Beneficios<\/p>\n<p>\u2022 Es modulador de radicales libres; ya que act\u00faa como antioxidante y ayuda al sistema inmunol\u00f3gico a responder mejor.<\/p>\n<p>\u2022 Puede ayudar en el desempe\u00f1o sexual.<\/p>\n<p>Presentaci\u00f3n<\/p>\n<p>Frasco \u00e1mbar por 100 c\u00e1psulas.<\/p>\n<div class=\"subtitle\"><strong>Uso Recomendado:<\/strong><\/div>\n<p>Una c\u00e1psula tres veces al d\u00eda con los alimentos. Se recomienda un tratamiento continuo de m\u00e1ximo 6 semanas, con periodo de descanso de 2 a 3 meses.<\/p>\n","protected":false},"excerpt":{"rendered":"<p>100 C\u00e1psulas<\/p>\n","protected":false},"featured_media":5959,"comment_status":"open","ping_status":"closed","template":"","meta":{"om_disable_all_campaigns":false,"_monsterinsights_skip_tracking":false,"_monsterinsights_sitenote_active":false,"_monsterinsights_sitenote_note":"","_monsterinsights_sitenote_category":0,"spay_email":""},"product_cat":[15],"product_tag":[],"class_list":["post-4620","product","type-product","status-publish","has-post-thumbnail","hentry","product_cat-productos-salud"],"_links":{"self":[{"href":"https:\/\/moraventas.com\/index.php\/wp-json\/wp\/v2\/product\/4620","targetHints":{"allow":["GET"]}}],"collection":[{"href":"https:\/\/moraventas.com\/index.php\/wp-json\/wp\/v2\/product"}],"about":[{"href":"https:\/\/moraventas.com\/index.php\/wp-json\/wp\/v2\/types\/product"}],"replies":[{"embeddable":true,"href":"https:\/\/moraventas.com\/index.php\/wp-json\/wp\/v2\/comments?post=4620"}],"wp:featuredmedia":[{"embeddable":true,"href":"https:\/\/moraventas.com\/index.php\/wp-json\/wp\/v2\/media\/5959"}],"wp:attachment":[{"href":"https:\/\/moraventas.com\/index.php\/wp-json\/wp\/v2\/media?parent=4620"}],"wp:term":[{"taxonomy":"product_cat","embeddable":true,"href":"https:\/\/moraventas.com\/index.php\/wp-json\/wp\/v2\/product_cat?post=4620"},{"taxonomy":"product_tag","embeddable":true,"href":"https:\/\/moraventas.com\/index.php\/wp-json\/wp\/v2\/product_tag?post=4620"}],"curies":[{"name":"wp","href":"https:\/\/api.w.org\/{rel}","templated":true}]}}