{"id":4622,"date":"2021-07-11T17:54:36","date_gmt":"2021-07-11T22:54:36","guid":{"rendered":"https:\/\/moraventas.com\/?post_type=product&#038;p=4622"},"modified":"2025-04-11T07:20:23","modified_gmt":"2025-04-11T12:20:23","slug":"l-lysine","status":"publish","type":"product","link":"https:\/\/moraventas.com\/index.php\/product\/l-lysine\/","title":{"rendered":"L-Lysine"},"content":{"rendered":"<p>Este suplemento dietario contiene lisina que es un alfa amino acido usado en la bios\u00edntesis de las prote\u00ednas y al proveer la forma L (lev\u00f3gira) se busca una mayor asimilaci\u00f3n del amino\u00e1cido en el cuerpo.<\/p>\n<p>La L-Lisina mejora la absorci\u00f3n del Calcio, Ayuda a mantener el equilibrio de nitr\u00f3geno en los adultos, Ayuda a formar el col\u00e1geno, Promueve la producci\u00f3n de anticuerpos y estimula la hormona del crecimiento.<\/p>\n<p>Beneficios<\/p>\n<p>\u2022 Apoya al crecimiento y desarrollo de los huesos de los ni\u00f1os.<\/p>\n<p>\u2022 Ayuda a fortalecer la absorci\u00f3n del calcio.<\/p>\n<p>\u2022 Ayuda al refuerzo el sistema inmunol\u00f3gico.<\/p>\n<p>Presentaci\u00f3n<\/p>\n<p>Frasco por 100 c\u00e1psulas.<\/p>\n<div class=\"subtitle\"><strong>Uso Recomendado:<\/strong><\/div>\n<p>Tomar una c\u00e1psula tres veces al d\u00eda con las comidas.<\/p>\n","protected":false},"excerpt":{"rendered":"<p>100 C\u00e1psulas<\/p>\n","protected":false},"featured_media":5961,"comment_status":"open","ping_status":"closed","template":"","meta":{"om_disable_all_campaigns":false,"_monsterinsights_skip_tracking":false,"_monsterinsights_sitenote_active":false,"_monsterinsights_sitenote_note":"","_monsterinsights_sitenote_category":0,"spay_email":""},"product_cat":[15],"product_tag":[],"class_list":["post-4622","product","type-product","status-publish","has-post-thumbnail","hentry","product_cat-productos-salud"],"_links":{"self":[{"href":"https:\/\/moraventas.com\/index.php\/wp-json\/wp\/v2\/product\/4622","targetHints":{"allow":["GET"]}}],"collection":[{"href":"https:\/\/moraventas.com\/index.php\/wp-json\/wp\/v2\/product"}],"about":[{"href":"https:\/\/moraventas.com\/index.php\/wp-json\/wp\/v2\/types\/product"}],"replies":[{"embeddable":true,"href":"https:\/\/moraventas.com\/index.php\/wp-json\/wp\/v2\/comments?post=4622"}],"wp:featuredmedia":[{"embeddable":true,"href":"https:\/\/moraventas.com\/index.php\/wp-json\/wp\/v2\/media\/5961"}],"wp:attachment":[{"href":"https:\/\/moraventas.com\/index.php\/wp-json\/wp\/v2\/media?parent=4622"}],"wp:term":[{"taxonomy":"product_cat","embeddable":true,"href":"https:\/\/moraventas.com\/index.php\/wp-json\/wp\/v2\/product_cat?post=4622"},{"taxonomy":"product_tag","embeddable":true,"href":"https:\/\/moraventas.com\/index.php\/wp-json\/wp\/v2\/product_tag?post=4622"}],"curies":[{"name":"wp","href":"https:\/\/api.w.org\/{rel}","templated":true}]}}