{"id":4636,"date":"2021-07-11T19:33:55","date_gmt":"2021-07-12T00:33:55","guid":{"rendered":"https:\/\/moraventas.com\/?post_type=product&#038;p=4636"},"modified":"2025-04-11T07:13:33","modified_gmt":"2025-04-11T12:13:33","slug":"spirulina","status":"publish","type":"product","link":"https:\/\/moraventas.com\/index.php\/product\/spirulina\/","title":{"rendered":"Spirulina"},"content":{"rendered":"<p>La espirulina es popularmente utilizada para suprimir el apetito. Esto se debe a la idea de que dos tercios del peso de las algas son prote\u00edna y que estas tienen una cantidad alta de un amino\u00e1cido fenilalanina.<br \/>\nLa espirulina se utiliza como un suplemento alimenticio por contener un 60% de prote\u00edna, es una excelente fuente de vitaminas A, K1, K2, B12, hierro, manganeso y cromo. Tiene potenciales beneficios para la salud como combatir el estr\u00e9s oxidativo y ayudar en la inmunidad. Los antioxidantes, inmunomoduladores, y anti-inflamatorios de esta microalga pueden desempe\u00f1ar un papel importante en la salud.<\/p>\n<div class=\"subtitle\"><strong>Uso Recomendado:<\/strong><\/div>\n<p>Tomar 2 c\u00e1psulas tres veces al d\u00eda con las comidas.<\/p>\n<p><strong>Advertencias:<\/strong>\u00a0No consumir en estado de embarazo y lactancia. Mant\u00e9ngase fuera del alcance de los ni\u00f1os. Este producto es un suplemento dietario, no es un medicamento y no suple una alimentaci\u00f3n equilibrada.<\/p>\n<p>Cons\u00e9rvese a menos de 30\u00b0C y 65% HR.<\/p>\n<div class=\"subtitle\"><strong>Ingredientes:<\/strong><\/div>\n<p>Spirulina (Arthrospira platensis)<\/p>\n","protected":false},"excerpt":{"rendered":"<p>100 C\u00e1psulas<\/p>\n","protected":false},"featured_media":5974,"comment_status":"open","ping_status":"closed","template":"","meta":{"om_disable_all_campaigns":false,"_monsterinsights_skip_tracking":false,"_monsterinsights_sitenote_active":false,"_monsterinsights_sitenote_note":"","_monsterinsights_sitenote_category":0,"spay_email":""},"product_cat":[15],"product_tag":[],"class_list":["post-4636","product","type-product","status-publish","has-post-thumbnail","hentry","product_cat-productos-salud"],"_links":{"self":[{"href":"https:\/\/moraventas.com\/index.php\/wp-json\/wp\/v2\/product\/4636","targetHints":{"allow":["GET"]}}],"collection":[{"href":"https:\/\/moraventas.com\/index.php\/wp-json\/wp\/v2\/product"}],"about":[{"href":"https:\/\/moraventas.com\/index.php\/wp-json\/wp\/v2\/types\/product"}],"replies":[{"embeddable":true,"href":"https:\/\/moraventas.com\/index.php\/wp-json\/wp\/v2\/comments?post=4636"}],"wp:featuredmedia":[{"embeddable":true,"href":"https:\/\/moraventas.com\/index.php\/wp-json\/wp\/v2\/media\/5974"}],"wp:attachment":[{"href":"https:\/\/moraventas.com\/index.php\/wp-json\/wp\/v2\/media?parent=4636"}],"wp:term":[{"taxonomy":"product_cat","embeddable":true,"href":"https:\/\/moraventas.com\/index.php\/wp-json\/wp\/v2\/product_cat?post=4636"},{"taxonomy":"product_tag","embeddable":true,"href":"https:\/\/moraventas.com\/index.php\/wp-json\/wp\/v2\/product_tag?post=4636"}],"curies":[{"name":"wp","href":"https:\/\/api.w.org\/{rel}","templated":true}]}}