{"id":4642,"date":"2021-07-11T21:27:25","date_gmt":"2021-07-12T02:27:25","guid":{"rendered":"https:\/\/moraventas.com\/?post_type=product&#038;p=4642"},"modified":"2025-04-11T07:06:22","modified_gmt":"2025-04-11T12:06:22","slug":"zambroza","status":"publish","type":"product","link":"https:\/\/moraventas.com\/index.php\/product\/zambroza\/","title":{"rendered":"Zambroza"},"content":{"rendered":"<p>Este producto contiene Mangostino una fruta tropical cultivada en pa\u00edses del oriente, como Tailandia, al cual tradicionalmente se le atribuyen propiedades antioxidantes, antiinflamatorias, anticancer\u00edgenas, y antihistam\u00ednicas pero no han sido comprobadas cl\u00ednicamente.<\/p>\n<p>Tambi\u00e9n contiene Manzana, Uva, T\u00e9 verde, Licio, Ar\u00e1ndano y Frambuesa, ingredientes ricos en bioflavonoides y antioxidantes que ayudan a mantener el col\u00e1geno y las paredes capilares y apoyan el sistema inmune.<\/p>\n<p>Ayuda a mantener saludable el crecimiento celular.<\/p>\n<p>\u2022 Apoya los procesos regenerativos del organismo.<\/p>\n<p>\u2022 Brinda soporte para fortalecer el sistema inmunol\u00f3gico.<\/p>\n<p>Presentaci\u00f3n<\/p>\n<p>Botella por 458 ml (15,5<\/p>\n<div class=\"subtitle\"><strong>Uso Recomendado:<\/strong><\/div>\n<p>Tomar una onza (2 cucharadas) dos veces al d\u00eda. Recuerde agitar bien antes de usar.<\/p>\n","protected":false},"excerpt":{"rendered":"<p>458 Mililitros<\/p>\n","protected":false},"featured_media":5976,"comment_status":"open","ping_status":"closed","template":"","meta":{"om_disable_all_campaigns":false,"_monsterinsights_skip_tracking":false,"_monsterinsights_sitenote_active":false,"_monsterinsights_sitenote_note":"","_monsterinsights_sitenote_category":0,"spay_email":""},"product_cat":[15],"product_tag":[],"class_list":["post-4642","product","type-product","status-publish","has-post-thumbnail","hentry","product_cat-productos-salud"],"_links":{"self":[{"href":"https:\/\/moraventas.com\/index.php\/wp-json\/wp\/v2\/product\/4642","targetHints":{"allow":["GET"]}}],"collection":[{"href":"https:\/\/moraventas.com\/index.php\/wp-json\/wp\/v2\/product"}],"about":[{"href":"https:\/\/moraventas.com\/index.php\/wp-json\/wp\/v2\/types\/product"}],"replies":[{"embeddable":true,"href":"https:\/\/moraventas.com\/index.php\/wp-json\/wp\/v2\/comments?post=4642"}],"wp:featuredmedia":[{"embeddable":true,"href":"https:\/\/moraventas.com\/index.php\/wp-json\/wp\/v2\/media\/5976"}],"wp:attachment":[{"href":"https:\/\/moraventas.com\/index.php\/wp-json\/wp\/v2\/media?parent=4642"}],"wp:term":[{"taxonomy":"product_cat","embeddable":true,"href":"https:\/\/moraventas.com\/index.php\/wp-json\/wp\/v2\/product_cat?post=4642"},{"taxonomy":"product_tag","embeddable":true,"href":"https:\/\/moraventas.com\/index.php\/wp-json\/wp\/v2\/product_tag?post=4642"}],"curies":[{"name":"wp","href":"https:\/\/api.w.org\/{rel}","templated":true}]}}