{"id":5061,"date":"2022-04-03T20:51:53","date_gmt":"2022-04-04T01:51:53","guid":{"rendered":"https:\/\/moraventas.com\/index.php\/product\/locales-centro-comercial-plaza-toledo-bogota\/"},"modified":"2023-05-20T22:19:09","modified_gmt":"2023-05-21T03:19:09","slug":"locales-centro-comercial-plaza-toledo-bogota","status":"publish","type":"product","link":"https:\/\/moraventas.com\/index.php\/product\/locales-centro-comercial-plaza-toledo-bogota\/","title":{"rendered":"LOCALES CENTRO COMERCIAL PLAZA TOLEDO BOGOT\u00c1"},"content":{"rendered":"<p>INVERSI\u00d3N RENTABLE Y SEGURA<\/p>\n<p>Quedan cinco locales situados en el Centro Comercial Plaza Toledo, ubicado a 300 mts. del Conocido restaurante Andr\u00e9s Carne de R\u00eas, terminado solo hace unos d\u00edas. Es un centro comercial peque\u00f1o y hecho con dise\u00f1o tipo americano. El precio por local es de 140 millones de pesos\ufffc\ufffc\ufffc.<\/p>\n","protected":false},"excerpt":{"rendered":"<p>INVERSI\u00d3N RENTABLE Y SEGURA Quedan cinco locales situados en el Centro Comercial Plaza Toledo, ubicado a 300 mts. del Conocido restaurante Andr\u00e9s Carne de R\u00eas, terminado solo hace unos d\u00edas. Es un centro comercial peque\u00f1o y hecho con dise\u00f1o tipo americano. El precio por local es de 140 millones de pesos\ufffc\ufffc\ufffc.<\/p>\n","protected":false},"featured_media":5060,"comment_status":"open","ping_status":"closed","template":"","meta":{"om_disable_all_campaigns":false,"_monsterinsights_skip_tracking":false,"_monsterinsights_sitenote_active":false,"_monsterinsights_sitenote_note":"","_monsterinsights_sitenote_category":0,"spay_email":""},"product_cat":[83],"product_tag":[],"class_list":["post-5061","product","type-product","status-publish","has-post-thumbnail","hentry","product_cat-negocios"],"_links":{"self":[{"href":"https:\/\/moraventas.com\/index.php\/wp-json\/wp\/v2\/product\/5061","targetHints":{"allow":["GET"]}}],"collection":[{"href":"https:\/\/moraventas.com\/index.php\/wp-json\/wp\/v2\/product"}],"about":[{"href":"https:\/\/moraventas.com\/index.php\/wp-json\/wp\/v2\/types\/product"}],"replies":[{"embeddable":true,"href":"https:\/\/moraventas.com\/index.php\/wp-json\/wp\/v2\/comments?post=5061"}],"wp:featuredmedia":[{"embeddable":true,"href":"https:\/\/moraventas.com\/index.php\/wp-json\/wp\/v2\/media\/5060"}],"wp:attachment":[{"href":"https:\/\/moraventas.com\/index.php\/wp-json\/wp\/v2\/media?parent=5061"}],"wp:term":[{"taxonomy":"product_cat","embeddable":true,"href":"https:\/\/moraventas.com\/index.php\/wp-json\/wp\/v2\/product_cat?post=5061"},{"taxonomy":"product_tag","embeddable":true,"href":"https:\/\/moraventas.com\/index.php\/wp-json\/wp\/v2\/product_tag?post=5061"}],"curies":[{"name":"wp","href":"https:\/\/api.w.org\/{rel}","templated":true}]}}