{"id":5332,"date":"2022-11-06T17:16:16","date_gmt":"2022-11-06T22:16:16","guid":{"rendered":"https:\/\/moraventas.com\/index.php\/product\/lote-en-molinos-cucuta-2\/"},"modified":"2023-05-20T22:15:55","modified_gmt":"2023-05-21T03:15:55","slug":"lote-en-molinos-cucuta-2","status":"publish","type":"product","link":"https:\/\/moraventas.com\/index.php\/product\/lote-en-molinos-cucuta-2\/","title":{"rendered":"LOTE EN MOLINOS C\u00daCUTA"},"content":{"rendered":"<p>Lote ubicado sobre la v\u00eda a Puerto Santander a 2000 m del Anillo Vial. Tiene 25 m de frente por 400 m de fondo para un \u00e1rea total de 10,000 m\ufffc\ufffc\ufffc.<\/p>\n<p>Tiene todos los servicios industriales: luz industrial, gas industrial, energ\u00eda industrial y podemos afirmar que har\u00e1 parte de lo que ser\u00e1 una zona industrial\ufffc\ufffc\ufffc que a corto plazo est\u00e1 llamada a ser el foco de desarrollo industrial m\u00e1s representativo del oriente colombiano. \ufffc<\/p>\n<p>El precio por metro cuadrado es de 80,000 pesos para un total de 800 millones de pesos, se aceptan ofertas, se ofrece financiaci\u00f3n y hay posibilidad de permutas. Es el momento de una inversi\u00f3n segura y de gran proyecci\u00f3n.\ufffc<\/p>\n","protected":false},"excerpt":{"rendered":"<p>Lote ubicado sobre la v\u00eda a Puerto Santander a 2000 m del Anillo Vial. Tiene 25 m de frente por 400 m de fondo para un \u00e1rea total de 10,000 m\ufffc\ufffc\ufffc. Tiene todos los servicios industriales: luz industrial, gas industrial, energ\u00eda industrial y podemos afirmar que har\u00e1 parte de lo que ser\u00e1 una zona industrial\ufffc\ufffc\ufffc &hellip;<\/p>\n<p class=\"read-more\"> <a class=\"\" href=\"https:\/\/moraventas.com\/index.php\/product\/lote-en-molinos-cucuta-2\/\"> <span class=\"screen-reader-text\">LOTE EN MOLINOS C\u00daCUTA<\/span> Leer m\u00e1s &raquo;<\/a><\/p>\n","protected":false},"featured_media":5331,"comment_status":"open","ping_status":"closed","template":"","meta":{"om_disable_all_campaigns":false,"_monsterinsights_skip_tracking":false,"_monsterinsights_sitenote_active":false,"_monsterinsights_sitenote_note":"","_monsterinsights_sitenote_category":0,"spay_email":""},"product_cat":[85],"product_tag":[],"class_list":["post-5332","product","type-product","status-publish","has-post-thumbnail","hentry","product_cat-lotes"],"_links":{"self":[{"href":"https:\/\/moraventas.com\/index.php\/wp-json\/wp\/v2\/product\/5332","targetHints":{"allow":["GET"]}}],"collection":[{"href":"https:\/\/moraventas.com\/index.php\/wp-json\/wp\/v2\/product"}],"about":[{"href":"https:\/\/moraventas.com\/index.php\/wp-json\/wp\/v2\/types\/product"}],"replies":[{"embeddable":true,"href":"https:\/\/moraventas.com\/index.php\/wp-json\/wp\/v2\/comments?post=5332"}],"wp:featuredmedia":[{"embeddable":true,"href":"https:\/\/moraventas.com\/index.php\/wp-json\/wp\/v2\/media\/5331"}],"wp:attachment":[{"href":"https:\/\/moraventas.com\/index.php\/wp-json\/wp\/v2\/media?parent=5332"}],"wp:term":[{"taxonomy":"product_cat","embeddable":true,"href":"https:\/\/moraventas.com\/index.php\/wp-json\/wp\/v2\/product_cat?post=5332"},{"taxonomy":"product_tag","embeddable":true,"href":"https:\/\/moraventas.com\/index.php\/wp-json\/wp\/v2\/product_tag?post=5332"}],"curies":[{"name":"wp","href":"https:\/\/api.w.org\/{rel}","templated":true}]}}