{"id":5361,"date":"2022-12-14T16:44:29","date_gmt":"2022-12-14T21:44:29","guid":{"rendered":"https:\/\/moraventas.com\/index.php\/product\/casa-en-barrio-lleras-cucuta\/"},"modified":"2023-05-20T22:13:33","modified_gmt":"2023-05-21T03:13:33","slug":"casa-en-barrio-lleras-cucuta","status":"publish","type":"product","link":"https:\/\/moraventas.com\/index.php\/product\/casa-en-barrio-lleras-cucuta\/","title":{"rendered":"CASA EN BARRIO LLERAS C\u00daCUTA"},"content":{"rendered":"<p>\ufffcCasa muy amplia en zona residencial, cerca al centro de la ciudad.<\/p>\n<p>350 \ufffcm2 construidos.<\/p>\n<p>3 Habitaciones muy amplias, 4 ba\u00f1os, habitaci\u00f3n de servicio, balc\u00f3n, parqueadero para 3 carros, agradables zonas sociales, cocina, patio de ropas.<\/p>\n","protected":false},"excerpt":{"rendered":"<p>\ufffcCasa muy amplia en zona residencial, cerca al centro de la ciudad. 350 \ufffcm2 construidos. 3 Habitaciones muy amplias, 4 ba\u00f1os, habitaci\u00f3n de servicio, balc\u00f3n, parqueadero para 3 carros, agradables zonas sociales, cocina, patio de ropas.<\/p>\n","protected":false},"featured_media":5360,"comment_status":"open","ping_status":"closed","template":"","meta":{"om_disable_all_campaigns":false,"_monsterinsights_skip_tracking":false,"_monsterinsights_sitenote_active":false,"_monsterinsights_sitenote_note":"","_monsterinsights_sitenote_category":0,"spay_email":""},"product_cat":[82],"product_tag":[],"class_list":["post-5361","product","type-product","status-publish","has-post-thumbnail","hentry","product_cat-casas"],"_links":{"self":[{"href":"https:\/\/moraventas.com\/index.php\/wp-json\/wp\/v2\/product\/5361","targetHints":{"allow":["GET"]}}],"collection":[{"href":"https:\/\/moraventas.com\/index.php\/wp-json\/wp\/v2\/product"}],"about":[{"href":"https:\/\/moraventas.com\/index.php\/wp-json\/wp\/v2\/types\/product"}],"replies":[{"embeddable":true,"href":"https:\/\/moraventas.com\/index.php\/wp-json\/wp\/v2\/comments?post=5361"}],"wp:featuredmedia":[{"embeddable":true,"href":"https:\/\/moraventas.com\/index.php\/wp-json\/wp\/v2\/media\/5360"}],"wp:attachment":[{"href":"https:\/\/moraventas.com\/index.php\/wp-json\/wp\/v2\/media?parent=5361"}],"wp:term":[{"taxonomy":"product_cat","embeddable":true,"href":"https:\/\/moraventas.com\/index.php\/wp-json\/wp\/v2\/product_cat?post=5361"},{"taxonomy":"product_tag","embeddable":true,"href":"https:\/\/moraventas.com\/index.php\/wp-json\/wp\/v2\/product_tag?post=5361"}],"curies":[{"name":"wp","href":"https:\/\/api.w.org\/{rel}","templated":true}]}}