{"id":6353,"date":"2025-03-26T09:10:53","date_gmt":"2025-03-26T14:10:53","guid":{"rendered":"https:\/\/moraventas.com\/index.php\/product\/apartamento-barrio-niza-cucuta\/"},"modified":"2025-08-25T06:55:22","modified_gmt":"2025-08-25T11:55:22","slug":"apartamento-barrio-niza-cucuta","status":"publish","type":"product","link":"https:\/\/moraventas.com\/index.php\/product\/apartamento-barrio-niza-cucuta\/","title":{"rendered":""},"content":{"rendered":"<p>Apartamento de 58 m\u00b2, tres habitaciones la principal con ba\u00f1o privado y un ba\u00f1o auxiliar para las otras dos, Cocina, zona de ropas, sala comedor y parqueadero.<\/p>\n<p>Est\u00e1 en el cuarto piso del edificio Valiera del barrio Niza.<\/p>\n","protected":false},"excerpt":{"rendered":"<p>Apartamento de 58 m\u00b2, tres habitaciones la principal con ba\u00f1o privado y un ba\u00f1o auxiliar para las otras dos, Cocina, zona de ropas, sala comedor y parqueadero. Est\u00e1 en el cuarto piso del edificio Valiera del barrio Niza.<\/p>\n","protected":false},"featured_media":0,"comment_status":"open","ping_status":"closed","template":"","meta":{"om_disable_all_campaigns":false,"_monsterinsights_skip_tracking":false,"_monsterinsights_sitenote_active":false,"_monsterinsights_sitenote_note":"","_monsterinsights_sitenote_category":0,"spay_email":""},"product_cat":[15],"product_tag":[],"class_list":["post-6353","product","type-product","status-publish","hentry","product_cat-productos-salud"],"_links":{"self":[{"href":"https:\/\/moraventas.com\/index.php\/wp-json\/wp\/v2\/product\/6353","targetHints":{"allow":["GET"]}}],"collection":[{"href":"https:\/\/moraventas.com\/index.php\/wp-json\/wp\/v2\/product"}],"about":[{"href":"https:\/\/moraventas.com\/index.php\/wp-json\/wp\/v2\/types\/product"}],"replies":[{"embeddable":true,"href":"https:\/\/moraventas.com\/index.php\/wp-json\/wp\/v2\/comments?post=6353"}],"wp:attachment":[{"href":"https:\/\/moraventas.com\/index.php\/wp-json\/wp\/v2\/media?parent=6353"}],"wp:term":[{"taxonomy":"product_cat","embeddable":true,"href":"https:\/\/moraventas.com\/index.php\/wp-json\/wp\/v2\/product_cat?post=6353"},{"taxonomy":"product_tag","embeddable":true,"href":"https:\/\/moraventas.com\/index.php\/wp-json\/wp\/v2\/product_tag?post=6353"}],"curies":[{"name":"wp","href":"https:\/\/api.w.org\/{rel}","templated":true}]}}