{"id":6404,"date":"2025-04-23T16:22:53","date_gmt":"2025-04-23T21:22:53","guid":{"rendered":"https:\/\/moraventas.com\/index.php\/product\/1-casa-en-urbanizacion-tamacoa-de-villa-del-rosario\/"},"modified":"2025-04-23T16:22:55","modified_gmt":"2025-04-23T21:22:55","slug":"1-casa-en-urbanizacion-tamacoa-de-villa-del-rosario","status":"publish","type":"product","link":"https:\/\/moraventas.com\/index.php\/product\/1-casa-en-urbanizacion-tamacoa-de-villa-del-rosario\/","title":{"rendered":"1-CASA EN URBANIZACI\u00d3N TAMACOA DE VILLA DEL ROSARIO"},"content":{"rendered":"<p>Preciosa casa en la Urbanizaci\u00f3n Tamacoa de Villa Del Rosario, Area Metropolitana de C\u00facuta.<\/p>\n<p>Tiene cuatro habitaciones todas con ba\u00f1o privado en el primer piso, y una habitaci\u00f3n principal de 80 m\u00b2 en segundo piso, con todo confort.<\/p>\n<p>Parqueadero hasta para siete autom\u00f3viles.<\/p>\n<p>Piscina y \u00e1rea de BBQ.<\/p>\n<p>Cocina, comedor, sala y ambientes internos dise\u00f1ados con un gusto exquisito que junto con sus zonas verdes hacen de esta casa una verdadera mansi\u00f3n.<\/p>\n","protected":false},"excerpt":{"rendered":"<p>Preciosa casa en la Urbanizaci\u00f3n Tamacoa de Villa Del Rosario, Area Metropolitana de C\u00facuta. Tiene cuatro habitaciones todas con ba\u00f1o privado en el primer piso, y una habitaci\u00f3n principal de 80 m\u00b2 en segundo piso, con todo confort. Parqueadero hasta para siete autom\u00f3viles. Piscina y \u00e1rea de BBQ. Cocina, comedor, sala y ambientes internos dise\u00f1ados &hellip;<\/p>\n<p class=\"read-more\"> <a class=\"\" href=\"https:\/\/moraventas.com\/index.php\/product\/1-casa-en-urbanizacion-tamacoa-de-villa-del-rosario\/\"> <span class=\"screen-reader-text\">1-CASA EN URBANIZACI\u00d3N TAMACOA DE VILLA DEL ROSARIO<\/span> Leer m\u00e1s &raquo;<\/a><\/p>\n","protected":false},"featured_media":6403,"comment_status":"open","ping_status":"closed","template":"","meta":{"om_disable_all_campaigns":false,"_monsterinsights_skip_tracking":false,"_monsterinsights_sitenote_active":false,"_monsterinsights_sitenote_note":"","_monsterinsights_sitenote_category":0,"spay_email":""},"product_cat":[82],"product_tag":[],"class_list":["post-6404","product","type-product","status-publish","has-post-thumbnail","hentry","product_cat-casas"],"_links":{"self":[{"href":"https:\/\/moraventas.com\/index.php\/wp-json\/wp\/v2\/product\/6404","targetHints":{"allow":["GET"]}}],"collection":[{"href":"https:\/\/moraventas.com\/index.php\/wp-json\/wp\/v2\/product"}],"about":[{"href":"https:\/\/moraventas.com\/index.php\/wp-json\/wp\/v2\/types\/product"}],"replies":[{"embeddable":true,"href":"https:\/\/moraventas.com\/index.php\/wp-json\/wp\/v2\/comments?post=6404"}],"wp:featuredmedia":[{"embeddable":true,"href":"https:\/\/moraventas.com\/index.php\/wp-json\/wp\/v2\/media\/6403"}],"wp:attachment":[{"href":"https:\/\/moraventas.com\/index.php\/wp-json\/wp\/v2\/media?parent=6404"}],"wp:term":[{"taxonomy":"product_cat","embeddable":true,"href":"https:\/\/moraventas.com\/index.php\/wp-json\/wp\/v2\/product_cat?post=6404"},{"taxonomy":"product_tag","embeddable":true,"href":"https:\/\/moraventas.com\/index.php\/wp-json\/wp\/v2\/product_tag?post=6404"}],"curies":[{"name":"wp","href":"https:\/\/api.w.org\/{rel}","templated":true}]}}