{"id":6562,"date":"2025-11-24T17:22:16","date_gmt":"2025-11-24T22:22:16","guid":{"rendered":"https:\/\/moraventas.com\/index.php\/product\/casa-conjunto-cerrado-la-floresta-los-patios-n-s\/"},"modified":"2025-11-24T17:22:19","modified_gmt":"2025-11-24T22:22:19","slug":"casa-conjunto-cerrado-la-floresta-los-patios-n-s","status":"publish","type":"product","link":"https:\/\/moraventas.com\/index.php\/product\/casa-conjunto-cerrado-la-floresta-los-patios-n-s\/","title":{"rendered":"CASA CONJUNTO CERRADO LA FLORESTA LOS PATIOS N S"},"content":{"rendered":"<p>Bella casa, de dos pisos, situada en La Floresta Los Patios; sector m\u00e1s residencial del Area Metropolitana de C\u00facuta.<\/p>\n<p>En el primer piso, est\u00e1n parqueadero para dos veh\u00edculos, cocina, sala, comedor, pieza para servicio , jacuzzi.<\/p>\n<p>En el segundo piso, hay cuatro. habitaciones tres de ellas con ba\u00f1o privado.<\/p>\n<p>El conjunto tiene todas las medidas de seguridad, zona sociales, sitios de recreaci\u00f3n y deporte y dem\u00e1s comodidades de un conjunto de primera categor\u00eda<\/p>\n<p>Se recibe inmueble de menor valor como parte de pago<\/p>\n<p>\u00c1rea del lote 180 m\u00b2<\/p>\n","protected":false},"excerpt":{"rendered":"<p>Bella casa, de dos pisos, situada en La Floresta Los Patios; sector m\u00e1s residencial del Area Metropolitana de C\u00facuta. En el primer piso, est\u00e1n parqueadero para dos veh\u00edculos, cocina, sala, comedor, pieza para servicio , jacuzzi. En el segundo piso, hay cuatro. habitaciones tres de ellas con ba\u00f1o privado. El conjunto tiene todas las medidas &hellip;<\/p>\n<p class=\"read-more\"> <a class=\"\" href=\"https:\/\/moraventas.com\/index.php\/product\/casa-conjunto-cerrado-la-floresta-los-patios-n-s\/\"> <span class=\"screen-reader-text\">CASA CONJUNTO CERRADO LA FLORESTA LOS PATIOS N S<\/span> Leer m\u00e1s &raquo;<\/a><\/p>\n","protected":false},"featured_media":6561,"comment_status":"open","ping_status":"closed","template":"","meta":{"om_disable_all_campaigns":false,"_monsterinsights_skip_tracking":false,"_monsterinsights_sitenote_active":false,"_monsterinsights_sitenote_note":"","_monsterinsights_sitenote_category":0,"spay_email":""},"product_cat":[82],"product_tag":[],"class_list":["post-6562","product","type-product","status-publish","has-post-thumbnail","hentry","product_cat-casas"],"_links":{"self":[{"href":"https:\/\/moraventas.com\/index.php\/wp-json\/wp\/v2\/product\/6562","targetHints":{"allow":["GET"]}}],"collection":[{"href":"https:\/\/moraventas.com\/index.php\/wp-json\/wp\/v2\/product"}],"about":[{"href":"https:\/\/moraventas.com\/index.php\/wp-json\/wp\/v2\/types\/product"}],"replies":[{"embeddable":true,"href":"https:\/\/moraventas.com\/index.php\/wp-json\/wp\/v2\/comments?post=6562"}],"wp:featuredmedia":[{"embeddable":true,"href":"https:\/\/moraventas.com\/index.php\/wp-json\/wp\/v2\/media\/6561"}],"wp:attachment":[{"href":"https:\/\/moraventas.com\/index.php\/wp-json\/wp\/v2\/media?parent=6562"}],"wp:term":[{"taxonomy":"product_cat","embeddable":true,"href":"https:\/\/moraventas.com\/index.php\/wp-json\/wp\/v2\/product_cat?post=6562"},{"taxonomy":"product_tag","embeddable":true,"href":"https:\/\/moraventas.com\/index.php\/wp-json\/wp\/v2\/product_tag?post=6562"}],"curies":[{"name":"wp","href":"https:\/\/api.w.org\/{rel}","templated":true}]}}