{"id":6588,"date":"2026-01-22T13:46:23","date_gmt":"2026-01-22T18:46:23","guid":{"rendered":"https:\/\/moraventas.com\/index.php\/product\/casa-urbanizacion-torcoroma-cucuta\/"},"modified":"2026-01-22T13:46:27","modified_gmt":"2026-01-22T18:46:27","slug":"casa-urbanizacion-torcoroma-cucuta","status":"publish","type":"product","link":"https:\/\/moraventas.com\/index.php\/product\/casa-urbanizacion-torcoroma-cucuta\/","title":{"rendered":"CASA URBANIZACI\u00d3N TORCOROMA CUCUTA"},"content":{"rendered":"<p>Amplia casa de un solo piso, en el sector m\u00e1s residencial de Torcoroma, con cuatro habitaciones una de ellas, con ba\u00f1o privado y un ba\u00f1o, auxiliar, sala, comedor, cocina y patio de ropas.<\/p>\n<p>\u00c1rea de terreno 105 m\u00b2<\/p>\n","protected":false},"excerpt":{"rendered":"<p>Amplia casa de un solo piso, en el sector m\u00e1s residencial de Torcoroma, con cuatro habitaciones una de ellas, con ba\u00f1o privado y un ba\u00f1o, auxiliar, sala, comedor, cocina y patio de ropas. \u00c1rea de terreno 105 m\u00b2<\/p>\n","protected":false},"featured_media":6586,"comment_status":"open","ping_status":"closed","template":"","meta":{"om_disable_all_campaigns":false,"_monsterinsights_skip_tracking":false,"_monsterinsights_sitenote_active":false,"_monsterinsights_sitenote_note":"","_monsterinsights_sitenote_category":0,"spay_email":""},"product_cat":[82],"product_tag":[],"class_list":["post-6588","product","type-product","status-publish","has-post-thumbnail","hentry","product_cat-casas"],"_links":{"self":[{"href":"https:\/\/moraventas.com\/index.php\/wp-json\/wp\/v2\/product\/6588","targetHints":{"allow":["GET"]}}],"collection":[{"href":"https:\/\/moraventas.com\/index.php\/wp-json\/wp\/v2\/product"}],"about":[{"href":"https:\/\/moraventas.com\/index.php\/wp-json\/wp\/v2\/types\/product"}],"replies":[{"embeddable":true,"href":"https:\/\/moraventas.com\/index.php\/wp-json\/wp\/v2\/comments?post=6588"}],"wp:featuredmedia":[{"embeddable":true,"href":"https:\/\/moraventas.com\/index.php\/wp-json\/wp\/v2\/media\/6586"}],"wp:attachment":[{"href":"https:\/\/moraventas.com\/index.php\/wp-json\/wp\/v2\/media?parent=6588"}],"wp:term":[{"taxonomy":"product_cat","embeddable":true,"href":"https:\/\/moraventas.com\/index.php\/wp-json\/wp\/v2\/product_cat?post=6588"},{"taxonomy":"product_tag","embeddable":true,"href":"https:\/\/moraventas.com\/index.php\/wp-json\/wp\/v2\/product_tag?post=6588"}],"curies":[{"name":"wp","href":"https:\/\/api.w.org\/{rel}","templated":true}]}}