{"id":6638,"date":"2026-01-31T07:54:16","date_gmt":"2026-01-31T12:54:16","guid":{"rendered":"https:\/\/moraventas.com\/index.php\/product\/apartamento-barrio-el-rosal-cucuta\/"},"modified":"2026-01-31T07:54:24","modified_gmt":"2026-01-31T12:54:24","slug":"apartamento-barrio-el-rosal-cucuta","status":"publish","type":"product","link":"https:\/\/moraventas.com\/index.php\/product\/apartamento-barrio-el-rosal-cucuta\/","title":{"rendered":"APARTAMENTO BARRIO EL ROSAL C\u00daCUTA"},"content":{"rendered":"<p>Apartamento muy c\u00f3modo y amplio, en el barrio , El Rosal, cerca a la iglesia de San Rafael, tiene tres habitaciones, una con ba\u00f1o privado y dos ba\u00f1os m\u00e1s<\/p>\n<p>Tiene Cocina, sala, comedor, cuarto de ropas y balc\u00f3n.<\/p>\n<p>Segundo piso.<\/p>\n<p>Un parqueadero.<\/p>\n<p>\u00c1rea 92.10 mts\u00b2<\/p>\n<p>Condominio $307,000<\/p>\n","protected":false},"excerpt":{"rendered":"<p>Apartamento muy c\u00f3modo y amplio, en el barrio , El Rosal, cerca a la iglesia de San Rafael, tiene tres habitaciones, una con ba\u00f1o privado y dos ba\u00f1os m\u00e1s Tiene Cocina, sala, comedor, cuarto de ropas y balc\u00f3n. Segundo piso. Un parqueadero. \u00c1rea 92.10 mts\u00b2 Condominio $307,000<\/p>\n","protected":false},"featured_media":6637,"comment_status":"open","ping_status":"closed","template":"","meta":{"om_disable_all_campaigns":false,"_monsterinsights_skip_tracking":false,"_monsterinsights_sitenote_active":false,"_monsterinsights_sitenote_note":"","_monsterinsights_sitenote_category":0,"spay_email":""},"product_cat":[81],"product_tag":[],"class_list":["post-6638","product","type-product","status-publish","has-post-thumbnail","hentry","product_cat-apartamentos"],"_links":{"self":[{"href":"https:\/\/moraventas.com\/index.php\/wp-json\/wp\/v2\/product\/6638","targetHints":{"allow":["GET"]}}],"collection":[{"href":"https:\/\/moraventas.com\/index.php\/wp-json\/wp\/v2\/product"}],"about":[{"href":"https:\/\/moraventas.com\/index.php\/wp-json\/wp\/v2\/types\/product"}],"replies":[{"embeddable":true,"href":"https:\/\/moraventas.com\/index.php\/wp-json\/wp\/v2\/comments?post=6638"}],"wp:featuredmedia":[{"embeddable":true,"href":"https:\/\/moraventas.com\/index.php\/wp-json\/wp\/v2\/media\/6637"}],"wp:attachment":[{"href":"https:\/\/moraventas.com\/index.php\/wp-json\/wp\/v2\/media?parent=6638"}],"wp:term":[{"taxonomy":"product_cat","embeddable":true,"href":"https:\/\/moraventas.com\/index.php\/wp-json\/wp\/v2\/product_cat?post=6638"},{"taxonomy":"product_tag","embeddable":true,"href":"https:\/\/moraventas.com\/index.php\/wp-json\/wp\/v2\/product_tag?post=6638"}],"curies":[{"name":"wp","href":"https:\/\/api.w.org\/{rel}","templated":true}]}}